. What is x(k)?
3
Let o(g) = 3*g**2 + 0*g - 4*g - 5*g**3 + 5*g + 4*g**3. Let l be (1/3)/(2/12). Determine o(l).
6
Let y be 1/((-2)/((-24)/(-2))). Let j be -2 - 2/(2/(-5)). Let n(h) = -9*h - 4*h**2 + 0*h - 7 + j*h**2. What is n(y)?
11
Let l(s) = -9*s + 35. Let y(q) = -5*q + 18. Let f(u) = -4*l(u) + 7*y(u). Give f(10).
-4
Let y(t) = -3*t - 9*t**2 - 2 - 2 - t**3 - 1 + 4*t**2. Suppose 2*b = 2*f + 8, 2*f - 8 = 4*f - 3*b. Calculate y(f).
-9
Let u(b) = 0 + 8*b**3 + 6*b - 6*b**2 - 1 - 7*b**3. Determine u(5).
4
Let j(h) = -h + 2. Let o be j(4). Let k = o - -3. Suppose -2*x - k = 3. Let p(q) = -q**3 - q**2 + 3*q + 2. Determine p(x).
0
Suppose -5*q = 2*l - 6, 0 = -10*l + 6*l + 3*q - 14. Let o(y) = -2*y + 2. Determine o(l).
6
Let o(a) = -a - 8. Suppose 10*g + 100 = -0*g. Give o(g).
2
Let u(b) = 4 + b - 3 + 2*b. Let f be u(-2). Let y(p) = -p**2 - 4*p + 2. What is y(f)?
-3
Let r(v) = -3*v - 10. Let b(q) = -1. Let m(a) = -2*b(a) + r(a). Let g(z) = 2*z + 4. Let i(c) = -5*g(c) - 3*m(c). What is i(6)?
-2
Let c = 22 - 26. Let h(r) = -2*r + 1. What is h(c)?
9
Let t = 16 - 9. Let h(i) = i**3 - 6*i**2 - 7*i - 10. Give h(t).
-10
Let t(b) be the third derivative of b**5/60 - b**4/8 + b**3/3 + 14*b**2. Calculate t(2).
0
Let x(i) be the first derivative of -i**2/2 + i - 3. Let y = -3 + 3. Give x(y).
1
Let j(m) be the second derivative of -m**6/360 - m**5/120 - m**4/24 - m**3/2 - 2*m. Let y(k) be the second derivative of j(k). What is y(2)?
-7
Let d be 9/15 - 72/135. Let s(n) be the third derivative of -d*n**5 + 7/6*n**3 + 0*n - 1/120*n**6 + 0 + 1/3*n**4 + n**2. Determine s(-5).
-8
Let b(o) = -o**3 + 4*o**2 - 3*o + 4. Let p be 2/5 + (-112)/(-20). Suppose -p*d + 2*d + 16 = 0. Determine b(d).
-8
Suppose f + 3*f - 20 = 0. Let n be (-6)/9 + (-22)/(-6). Let z(g) = n + 11*g**2 - 4*g - 5*g**2 - g**3 - 10. Determine z(f).
-2
Let h(o) = o - 2. Let f(q) = q**3 + 5*q**2 + 4*q + 2. Let p be f(-4). Suppose -p*a + 11 = -a. Suppose -5*s - a = 4. Give h(s).
-5
Let c(z) = -z. Let k(b) = -10*b - 6. Let n(s) = 12*c(s) - k(s). What is n(5)?
-4
Let o(n) = n**3 - 6*n**2 + 5*n - 7. Suppose -2*u + 3*x - 18 = 0, 0 = u + 2*x - 4 - 1. Let j = 7 + u. Suppose -31 = -j*b - 11. Give o(b).
-7
Let a = -4 - -4. Let r(f) = a*f**3 - f + f**3 + 0*f**3. Suppose 2 = z + 3. Calculate r(z).
0
Let a(k) = -2*k**3 + 6*k - 2 + 3*k**3 - 44*k**2 + 51*k**2. Calculate a(-6).
-2
Let g(k) = -6 - 3 - 1 + k**2 + 4*k + 4. Let o be 5/((-50)/12)*5. Determine g(o).
6
Suppose 25 = m + 6*f - 2*f, m = f. Let a(z) = z**3 - 5*z**2 - 5*z - 7. Let w be a(6). Let b be (-1 - m/w)/(-2). Let o(r) = -2*r**2 - r + 1. What is o(b)?
-5
Let g(o) = -o**2 + 3 + 2 + 9*o - 3*o - 4*o. Determine g(4).
-3
Let h(p) = -15 - 17*p + 28 - 13. What is h(1)?
-17
Let l(r) = r**3 - r - 17. Let t be (-40)/45 - -1 - (-1)/(-9). Give l(t).
-17
Let l(f) be the second derivative of -f**4/6 - f**2/2 - 9*f - 1. What is l(3)?
-19
Let r(u) = u**3 - u - 3. Let s(h) = -h + 2. Let j be s(0). Let m be (j + -4 - -2)/1. Suppose 4*p - 3*b - 12 = m, 0 = 2*p + 3*b - 2*b + 4. Determine r(p).
-3
Let k(w) = w**3 + 6*w**2 + 7*w + 6. Suppose 16*j + 40 = 8*j. Determine k(j).
-4
Let p(v) = 0 - 4 + 8*v + 4*v - 5*v + v**2. Let t be p(-7). Let w(n) be the third derivative of -n**6/120 - n**5/15 - n**4/8 - n**3 + 3*n**2. Determine w(t).
6
Let s(p) = p**3 + 4*p**2 - 2. Let q(l) = -2*l**2 + 4. Let v be q(-2). Determine s(v).
-2
Let n(p) = -p - 5. Let x be (0*3/(-9))/1. Suppose x*z + z = 3. Let o(j) = -j**3 + 2*j**2 + j + 2. Let d be o(z). Calculate n(d).
-1
Suppose 2 = p - 1. Let g be 2/p*-3 + 7. Let v(d) = 0*d + d + 0*d - g*d. Calculate v(1).
-4
Let j(b) = 18 - b - 17 - 3*b + b. Let v(r) = -7*r + 2. Suppose 2*s + 4*w = 22, 0 = -2*w - 4 + 6. Let n(f) = s*j(f) - 4*v(f). What is n(0)?
1
Let z(y) = -2*y + 6. Let n be z(2). Let l be (1 + -2)*(-4)/2. Let q(p) = 0 - l + p**2 - p**3 - p + 2*p. Determine q(n).
-4
Let o(u) = 8 - u - 13 + 14. Determine o(7).
2
Let h be 1*(-1)/(-2)*14. Let f(c) = -3*c**3 - 2*c**2 - 2*c - 1. Let j be f(-1). Let z(b) = 4*b**2 - b**3 + b**2 + j*b + 4 - h*b. Calculate z(4).
0
Let q(l) = -6*l**2 - l. Suppose -5*o + 5 = -10*o. Calculate q(o).
-5
Let n(v) be the second derivative of -v**6/720 - v**4/2 + 2*v. Let k(i) be the third derivative of n(i). Determine k(2).
-2
Let b(i) = i**2 - 2*i**2 - 8*i + 0*i**2 + 7 - 11. Determine b(-7).
3
Suppose 3*n + 5*p - 7*p = -31, -3*n - 16 = p. Let a(h) = h**2 + 7*h + 7. Calculate a(n).
7
Suppose 0*f - 5 = -f. Suppose 2*s + 3*o = f, 4 = 3*s + s + 4*o. Let m(q) = -2*q**3 - 3*q**2 - q. What is m(s)?
6
Suppose 11*i - 5 = 10*i. Let q(u) = -u + 14. Let o(p) = -2*p + 27. Let x(b) = 4*o(b) - 7*q(b). Determine x(i).
5
Let a(q) = -5*q + 7*q - q**3 - 2 - 5*q**2 + 5*q + 4. What is a(-6)?
-4
Suppose z + 8 = 3*o, 0 = -o - 0*z + 4*z + 21. Let j(k) = -7*k. Give j(o).
-7
Suppose 4*a + 1 = 5. Let u(h) = -2*h**2 + 5*h + 2. Let k(q) = 2*q**2 - 6*q - 3. Let j(z) = 3*k(z) + 4*u(z). Give j(a).
-1
Let w(z) be the first derivative of -z**5/60 - z**4/4 - 2*z**3/3 - 2. Let g(y) be the third derivative of w(y). Calculate g(-4).
2
Let n(y) be the third derivative of -y**5/60 - y**4/24 - 6*y**2. What is n(-5)?
-20
Let c(z) = -11*z**2 - 22*z + 6*z + 6*z - 1 + 12*z. Let x = 2 - 0. Let v be x + 1 - (0 + 2). Calculate c(v).
-10
Let q(p) be the first derivative of -p**5/20 - p**4/12 - p**3/6 + p**2/2 - 1. Let r(a) be the second derivative of q(a). Calculate r(-1).
-2
Let c(n) be the second derivative of -n**3/6 - 2*n**2 - 15*n. Calculate c(0).
-4
Let t(y) be the third derivative of 0*y**4 + 0*y**3 - y**2 + 1/15*y**5 + 0*y + 0 + 1/120*y**6. What is t(-2)?
8
Let k(p) = 5*p**2 - 2*p - 1. Suppose -30*z + 25*z = 35. Suppose -6*r = -m - r + 7, -3*r = 5*m + 49. Let y = m - z. Give k(y).
6
Suppose o + 4 = 3*o. Let y(b) be the second derivative of 5*b**3/6 - 3*b**2/2 - b. What is y(o)?
7
Let h(m) be the third derivative of -m**4/6 - m**3/6 + 4*m**2. Suppose 3*f = 2*f - 4. Let r = f + 2. Calculate h(r).
7
Suppose 4 = 3*s - 7*s. Let l be 2/(-1) - (-3 - s). Let r(w) = w**3 - w**2 - w + 1. Determine r(l).
1
Suppose 0*g - g = 4*j - 4, -3*j - g = -4. Let l be 2 - j/((-6)/(-2)). Let c(t) = -12*t + 3. Let q(x) = -x. Let b(r) = -c(r) + 6*q(r). Give b(l).
9
Let z(r) = -3*r + 3. Let w(a) = a - 1. Let c(x) = 7*w(x) + 2*z(x). Let m = -10 - -13. Suppose m*k - 14 = -p, 13 = k - 5*k + 5*p. Give c(k).
2
Let q(y) = -2*y + 2. Let n be (-253)/22 + 1/(-2). Let b = -15 - n. Determine q(b).
8
Let d be ((-14)/(-175)*20)/((-2)/(-5)). Let n(m) = -m**3 + 3*m**2 + 6*m - 4. What is n(d)?
4
Let n(t) = t**2 + 2*t. Let j(s) = s**2 + 5*s + 3. Let y be j(-3). Let l be n(y). Let g(i) = -l + 3*i + 2*i - i - 5*i. Give g(-5).
2
Let b(p) = -p - 3. Suppose 0 = 3*s - 1 - 5. Suppose -5*v = -5*a, -s - 18 = 5*v. Calculate b(a).
1
Suppose 0 = 6*z - 32 + 2. Let q(j) = -j + 6. Determine q(z).
1
Suppose 0 = -2*a - 3*t + 7*t + 18, 0 = -5*t - 15. Suppose 3*b - 27 = -a. Let h(g) = -g**3 + 9*g**2 - 9*g + 9. What is h(b)?
1
Let b(l) = l**2 - 2*l + 3. Let o(s) = s**3 + 5*s**2 - 7*s. Let d be 0/((-9)/(-3)) - 6. Let z be o(d). Suppose -z*h = -4*h - 6. Calculate b(h).
6
Let u(n) = n - 105*n**2 - 1 + 5 + 0*n + 104*n**2. Give u(0).
4
Let y(j) = 8*j**2. Suppose 4*q - 3*v = 29, 5*q + 5*v = -11 + 91. Let b = 2 - q. Let w be 3*(1 - (-12)/b). Calculate y(w).
8
Suppose 0 = u - 3*d + 10, -4*u + 4*d - 9 - 15 = 0. Let i = u + 6. Let m(v) = v**3 - 4*v**2 + 3*v. Calculate m(i).
-2
Let s(a) = -7*a - 3. Let d(m) = 6*m + 3. Let g(u) = -6*d(u) - 5*s(u). Calculate g(-6).
3
Let q(t) = -7*t + 2 + t**2 - 6 - 2*t**2. Let u be q(-6). Let r(m) = 4 - 3*m + 0*m + 4*m**u + m**3 + 0*m**2. Give r(-5).
-6
Let m = -122 + 113. Let i(g) = -g - 13. Calculate i(m).
-4
Let p(d) be the second derivative of d**4/12 + 7*d**3/6 + 3*d**2/2 - 42*d. Calculate p(-5).
-7
Let w(t) = 5 + 2*t - 5. Let b = 80 + -74. Give w(b).
12
Let p(w) = -3*w - 3. Let x(y) = -8*y - 10. Let f(j) = -7*p(j) + 2*x(j). Give f(-1).
-4
Let l(h) = -3*h + 2. Let u = 3 - -1. Let a be ((-4)/3)/(u/30). Let t be 12/a*15/(-6). Give l(t).
-7
Let j(w) = 3*w**2 - 14*w - 11. Let x(b) = b**2 + 6*b + 5. Let t be x(-6). Let k(h) = 5*h**2 - 21*h - 17. Let d(v) = t*k(v) - 8*j(v). Give d(-6).
-3
Let r(l) = -2*l - 9. Let y be r(-6). Let g(i) be the first derivative of i**3/3 - 3*i**2 + i + 1. Let x(b) = b - 1. Let n